emainder when 328037 is divided by 24?
5
What is the remainder when 13517 is divided by 5?
2
What is the remainder when 1282 is divided by 56?
50
Calculate the remainder when 3386847 is divided by 58.
53
Calculate the remainder when 53414 is divided by 70.
4
Calculate the remainder when 13786 is divided by 807.
67
What is the remainder when 5716 is divided by 316?
28
Calculate the remainder when 116614 is divided by 19.
11
Calculate the remainder when 99101 is divided by 690.
431
Calculate the remainder when 17095 is divided by 38.
33
What is the remainder when 81746 is divided by 56?
42
What is the remainder when 110238 is divided by 106?
104
What is the remainder when 461 is divided by 28?
13
Calculate the remainder when 36795 is divided by 75.
45
What is the remainder when 125837 is divided by 1015?
992
Calculate the remainder when 12973 is divided by 3063.
721
What is the remainder when 1536 is divided by 305?
11
Calculate the remainder when 197556 is divided by 813.
810
What is the remainder when 1016557 is divided by 80?
77
What is the remainder when 6413 is divided by 2126?
35
Calculate the remainder when 107481 is divided by 15350.
31
Calculate the remainder when 2281 is divided by 391.
326
What is the remainder when 2683 is divided by 489?
238
Calculate the remainder when 19754 is divided by 632.
162
Calculate the remainder when 130541 is divided by 989.
982
What is the remainder when 20555 is divided by 21?
17
Calculate the remainder when 10280 is divided by 113.
110
What is the remainder when 5706969 is divided by 12?
9
What is the remainder when 31810 is divided by 1272?
10
What is the remainder when 32859 is divided by 332?
323
Calculate the remainder when 189215 is divided by 29.
19
What is the remainder when 791782 is divided by 504?
502
Calculate the remainder when 25230 is divided by 210.
30
What is the remainder when 9749 is divided by 23?
20
Calculate the remainder when 125714 is divided by 98.
78
What is the remainder when 54687 is divided by 588?
3
Calculate the remainder when 45320 is divided by 1162.
2
What is the remainder when 80029 is divided by 309?
307
What is the remainder when 155613 is divided by 23?
18
What is the remainder when 287926 is divided by 1358?
30
Calculate the remainder when 622340 is divided by 207440.
20
What is the remainder when 125359 is divided by 230?
9
Calculate the remainder when 246380 is divided by 26.
4
Calculate the remainder when 4183 is divided by 831.
28
What is the remainder when 135589 is divided by 70?
69
What is the remainder when 661591 is divided by 293?
290
What is the remainder when 59914 is divided by 19969?
7
What is the remainder when 2418 is divided by 451?
163
What is the remainder when 27039 is divided by 9012?
3
What is the remainder when 10248 is divided by 205?
203
What is the remainder when 21927 is divided by 359?
28
What is the remainder when 570600 is divided by 1091?
7
What is the remainder when 54068 is divided by 18002?
62
Calculate the remainder when 466824 is divided by 25.
24
Calculate the remainder when 698 is divided by 33.
5
What is the remainder when 613 is divided by 43?
11
What is the remainder when 154 is divided by 38?
2
Calculate the remainder when 3160 is divided by 296.
200
What is the remainder when 9763 is divided by 132?
127
What is the remainder when 21330 is divided by 474?
0
Calculate the remainder when 1494 is divided by 295.
19
What is the remainder when 18036 is divided by 528?
84
Calculate the remainder when 24995 is divided by 23.
17
Calculate the remainder when 20923 is divided by 34.
13
Calculate the remainder when 11754 is divided by 735.
729
Calculate the remainder when 202280 is divided by 28893.
29
Calculate the remainder when 89805 is divided by 3209.
3162
Calculate the remainder when 45825 is divided by 19.
16
Calculate the remainder when 15089 is divided by 7291.
507
Calculate the remainder when 29579 is divided by 14.
11
Calculate the remainder when 10368 is divided by 1705.
138
Calculate the remainder when 395 is divided by 147.
101
Calculate the remainder when 9801 is divided by 129.
126
What is the remainder when 19080 is divided by 2119?
9
Calculate the remainder when 29906 is divided by 4.
2
Calculate the remainder when 3205 is divided by 47.
9
Calculate the remainder when 13732 is divided by 11.
4
What is the remainder when 32032 is divided by 10?
2
Calculate the remainder when 50752 is divided by 4225.
52
Calculate the remainder when 270 is divided by 167.
103
What is the remainder when 2175 is divided by 27?
15
What is the remainder when 2280 is divided by 191?
179
What is the remainder when 4149 is divided by 63?
54
What is the remainder when 2147 is divided by 86?
83
Calculate the remainder when 15417 is divided by 551.
540
Calculate the remainder when 1200547 is divided by 1169.
1153
What is the remainder when 72002 is divided by 650?
502
What is the remainder when 6632 is divided by 500?
132
What is the remainder when 9648 is divided by 136?
128
What is the remainder when 6458 is divided by 308?
298
What is the remainder when 1000998 is divided by 154?
152
Calculate the remainder when 4900 is divided by 1266.
1102
What is the remainder when 2065 is divided by 234?
193
Calculate the remainder when 1730 is divided by 1033.
697
Calculate the remainder when 24480 is divided by 1165.
15
What is the remainder when 1322 is divided by 53?
50
Calculate the remainder when 2135 is divided by 534.
533
What is the remainder when 2118 is divided by 136?
78
What is the remainder when 32224 is divided by 41?
39
What is the remainder when 99959 is divided by 2563?
2
What is the remainder when 1876356 is divided by 17?
15
What is the remainder when 22770 is divided by 7578?
36
Calculate the remainder when 1046 is divided by 38.
20
What is the remainder when 13070 is divided by 29?
20
What is the remainder when 2966 is divided by 943?
137
Calculate the remainder when 3229 is divided by 3221.
8
What is the remainder when 373819 is divided by 192?
187
What is the remainder when 112314 is divided by 39?
33
What is the remainder when 18888 is divided by 9364?
160
What is the remainder when 38487 is divided by 19240?
7
What is the remainder when 4530 is divided by 1312?
594
What is the remainder when 508 is divided by 124?
12
What is the remainder when 33017 is divided by 33?
17
Calculate the remainder when 8429 is divided by 70.
29
Calculate the remainder when 425781 is divided by 171.
162
What is the remainder when 945 is divided by 473?
472
Calculate the remainder when 27820 is divided by 417.
298
What is the remainder when 89290 is divided by 21?
19
Calculate the remainder when 2538 is divided by 536.
394
Calculate the remainder when 21013 is divided by 5242.
45
Calculate the remainder when 466 is divided by 78.
76
Calculate the remainder when 81850 is divided by 79.
6
Calculate the remainder when 2004 is divided by 591.
231
What is the remainder when 2108 is divided by 85?
68
What is the remainder when 1299 is divided by 973?
326
Calculate the remainder when 16128 is divided by 5375.
3
What is the remainder when 5256 is divided by 1036?
76
What is the remainder when 99295 is divided by 19852?
35
Calculate the remainder when 8365 is divided by 51.
1
What is the remainder when 2102 is divided by 931?
240
Calculate the remainder when 35470 is divided by 38.
16
Calculate the remainder when 3051 is divided by 792.
675
What is the remainder when 21562 is divided by 19?
16
Calculate the remainder when 5710 is divided by 5.
0
Calculate the remainder when 10898 is divided by 58.
52
What is the remainder when 8370 is divided by 494?
466
Calculate the remainder when 21559 is divided by 1432.
79
What is the remainder when 11715 is divided by 404?
403
What is the remainder when 22666 is divided by 1333?
5
What is the remainder when 9697 is divided by 2423?
5
What is the remainder when 11520 is divided by 1440?
0
What is the remainder when 144181 is divided by 230?
201
What is the remainder when 30513 is divided by 209?
208
What is the remainder when 19941 is divided by 55?
31
What is the remainder when 1208424 is divided by 59?
45
What is the remainder when 79334 is divided by 35?
24
Calculate the remainder when 268205 is divided by 2199.
21